it of 3096270?
7
What is the tens digit of 20624?
2
What is the hundreds digit of 10358203?
2
What is the hundred thousands digit of 212591?
2
What is the thousands digit of 2669984?
9
What is the thousands digit of 2300190?
0
What is the ten thousands digit of 1686608?
8
What is the thousands digit of 416492?
6
What is the millions digit of 9445256?
9
What is the units digit of 3551?
1
What is the units digit of 11673159?
9
What is the ten thousands digit of 2521138?
2
What is the ten thousands digit of 258811?
5
What is the thousands digit of 132837?
2
What is the thousands digit of 195271?
5
What is the units digit of 588795?
5
What is the tens digit of 700492?
9
What is the tens digit of 280295?
9
What is the hundred thousands digit of 224913?
2
What is the hundreds digit of 834906?
9
What is the ten thousands digit of 2341006?
4
What is the thousands digit of 18758469?
8
What is the thousands digit of 14931451?
1
What is the hundreds digit of 1538598?
5
What is the units digit of 183251?
1
What is the hundreds digit of 124598?
5
What is the tens digit of 3356305?
0
What is the units digit of 1341667?
7
What is the units digit of 306686?
6
What is the ten thousands digit of 19622555?
2
What is the millions digit of 10331132?
0
What is the ten millions digit of 21499389?
2
What is the units digit of 746707?
7
What is the tens digit of 201754?
5
What is the thousands digit of 1727935?
7
What is the units digit of 83360?
0
What is the thousands digit of 267604?
7
What is the hundred thousands digit of 298493?
2
What is the hundreds digit of 1359833?
8
What is the units digit of 1064971?
1
What is the hundred thousands digit of 9516934?
5
What is the ten millions digit of 19185448?
1
What is the units digit of 504814?
4
What is the ten thousands digit of 11150231?
5
What is the hundred thousands digit of 608387?
6
What is the ten thousands digit of 367772?
6
What is the hundreds digit of 203939?
9
What is the units digit of 9160661?
1
What is the ten thousands digit of 11156312?
5
What is the hundreds digit of 2821357?
3
What is the tens digit of 91680?
8
What is the units digit of 309123?
3
What is the hundreds digit of 141859?
8
What is the thousands digit of 304155?
4
What is the millions digit of 9227322?
9
What is the hundred thousands digit of 8847163?
8
What is the tens digit of 405640?
4
What is the hundreds digit of 373727?
7
What is the units digit of 13451?
1
What is the thousands digit of 146371?
6
What is the tens digit of 1690204?
0
What is the hundreds digit of 345592?
5
What is the units digit of 2164988?
8
What is the tens digit of 744376?
7
What is the hundred thousands digit of 1098896?
0
What is the ten thousands digit of 269316?
6
What is the hundred thousands digit of 4777539?
7
What is the hundred thousands digit of 451729?
4
What is the thousands digit of 137672?
7
What is the millions digit of 3199787?
3
What is the units digit of 10952759?
9
What is the hundred thousands digit of 5992574?
9
What is the units digit of 23529028?
8
What is the tens digit of 4301618?
1
What is the ten thousands digit of 570457?
7
What is the ten millions digit of 36994065?
3
What is the tens digit of 1699200?
0
What is the tens digit of 4066058?
5
What is the ten thousands digit of 485057?
8
What is the tens digit of 439603?
0
What is the thousands digit of 22011608?
1
What is the thousands digit of 526280?
6
What is the thousands digit of 1655182?
5
What is the units digit of 1803145?
5
What is the thousands digit of 14353763?
3
What is the ten thousands digit of 7744370?
4
What is the hundreds digit of 3975820?
8
What is the units digit of 326238?
8
What is the hundred thousands digit of 267473?
2
What is the units digit of 7133328?
8
What is the ten thousands digit of 7557004?
5
What is the hundreds digit of 1711428?
4
What is the tens digit of 28766060?
6
What is the units digit of 22380462?
2
What is the hundreds digit of 2925795?
7
What is the ten thousands digit of 143456?
4
What is the units digit of 3565171?
1
What is the tens digit of 6178849?
4
What is the thousands digit of 2980748?
0
What is the hundred thousands digit of 468765?
4
What is the thousands digit of 477455?
7
What is the tens digit of 4915259?
5
What is the hundreds digit of 8365470?
4
What is the hundreds digit of 2676709?
7
What is the thousands digit of 341278?
1
What is the hundred thousands digit of 1108267?
1
What is the hundreds digit of 189995?
9
What is the hundred thousands digit of 7213337?
2
What is the millions digit of 2730012?
2
What is the ten millions digit of 12841035?
1
What is the thousands digit of 190155?
0
What is the thousands digit of 1536012?
6
What is the tens digit of 99720?
2
What is the hundreds digit of 8956072?
0
What is the tens digit of 7736579?
7
What is the tens digit of 579382?
8
What is the hundreds digit of 10420170?
1
What is the hundred thousands digit of 9167142?
1
What is the ten thousands digit of 14132?
1
What is the tens digit of 104250?
5
What is the hundreds digit of 185085?
0
What is the hundred thousands digit of 1463742?
4
What is the hundreds digit of 1182907?
9
What is the hundreds digit of 18729?
7
What is the tens digit of 363409?
0
What is the hundreds digit of 18238400?
4
What is the hundred thousands digit of 2393844?
3
What is the tens digit of 27586090?
9
What is the tens digit of 2848498?
9
What is the millions digit of 10536767?
0
What is the units digit of 19645?
5
What is the ten thousands digit of 3047707?
4
What is the units digit of 22249452?
2
What is the thousands digit of 8947508?
7
What is the thousands digit of 861855?
1
What is the hundred thousands digit of 17694091?
6
What is the units digit of 2796700?
0
What is the ten thousands digit of 4317205?
1
What is the units digit of 377348?
8
What is the ten thousands digit of 131785?
3
What is the units digit of 4350784?
4
What is the hundred thousands digit of 807310?
8
What is the units digit of 163520?
0
What is the tens digit of 424681?
8
What is the tens digit of 13058322?
2
What is the units digit of 316127?
7
What is the hundreds digit of 1342815?
8
What is the tens digit of 698949?
4
What is the hundreds digit of 16795697?
6
What is the ten thousands digit of 24494576?
9
What is the hundred thousands digit of 1551297?
5
What is the ten millions digit of 16864582?
1
What is the hundred thousands digit of 326053?
3
What is the ten thousands digit of 263853?
6
What is the thousands digit of 453503?
3
What is the units digit of 6768851?
1
What is the units digit of 5601800?
0
What is the hundred thousands digit of 2999472?
9
What is the tens digit of 3827834?
3
What is the ten thousands digit of 774822?
7
What is the thousands digit of 12603074?
3
What is the thousands digit of 232092?
2
What is the ten thousands digit of 78810?
7
What is the tens digit of 606227?
2
What is the hundreds digit of 12276028?
0
What is the hundreds digit of 10102929?
9
What is the hundreds digit of 396105?
1
What is the hundred thousands digit of 591942?
5
What is the millions digit of 13662035?
3
What is the hundred thousands digit of 1156619?
1
What is the ten thousands digit of 15862748?
6
What is the tens digit of 2857909?
0
What is the units digit of 587320?
0
What is the ten thousands digit of 122806?
2
What is the millions digit of 9932613?
9
What is the tens digit of 10553143?
4
What is the ten thousands digit of 2193028?
9
What is the thousands digit of 39781?
9
What is the hundred thousands digit of 12999599?
9
What is the tens digit of 3174816?
1
What is the units digit of 6582516?
6
What is the units digit of 89984?
4
What is the thousands digit of 652396?
2
What is the millions digit of 19356976?
9
What is the thousands digit of 363185?
3
What is the ten thousands digit of 2843507?
4
What is the ten thousands digit of 139449?
3
What is the units digit of 5479086?
6
What is the units digit of 64184?
4
What is the tens digit of 7470018?
1
What is the hundreds digit of 2953068?
0
What is the ten thousands digit of 10007949?
0
What is the thousands digit of 170745?
0
What is the hundreds digit of 8946990?
9
What is the thousands digit of 2984856?
4
What is the hundred thousands digit of 176799?
1
What is the hundred thousands digit of 8913517?
9
W